f 1734?
7
What is the tens digit of 3977?
7
What is the thousands digit of 1570?
1
What is the hundreds digit of 10565?
5
What is the thousands digit of 139676?
9
What is the units digit of 700?
0
What is the units digit of 21153?
3
What is the units digit of 88?
8
What is the ten thousands digit of 10842?
1
What is the thousands digit of 2243?
2
What is the thousands digit of 74268?
4
What is the units digit of 775?
5
What is the ten thousands digit of 53339?
5
What is the ten thousands digit of 151926?
5
What is the units digit of 267?
7
What is the tens digit of 371?
7
What is the tens digit of 7380?
8
What is the hundreds digit of 10409?
4
What is the thousands digit of 85084?
5
What is the tens digit of 17023?
2
What is the ten thousands digit of 53655?
5
What is the thousands digit of 83220?
3
What is the units digit of 858?
8
What is the units digit of 48730?
0
What is the hundred thousands digit of 159281?
1
What is the ten thousands digit of 14884?
1
What is the thousands digit of 1167?
1
What is the tens digit of 1240?
4
What is the units digit of 40395?
5
What is the ten thousands digit of 15753?
1
What is the hundred thousands digit of 169580?
1
What is the tens digit of 5239?
3
What is the hundreds digit of 19795?
7
What is the units digit of 1602?
2
What is the hundreds digit of 9931?
9
What is the hundreds digit of 4791?
7
What is the hundreds digit of 17769?
7
What is the thousands digit of 10445?
0
What is the units digit of 117656?
6
What is the hundreds digit of 2043?
0
What is the hundreds digit of 6749?
7
What is the units digit of 10551?
1
What is the units digit of 1056?
6
What is the tens digit of 5273?
7
What is the thousands digit of 1707?
1
What is the hundreds digit of 9364?
3
What is the tens digit of 12423?
2
What is the units digit of 30806?
6
What is the ten thousands digit of 30676?
3
What is the thousands digit of 1171?
1
What is the units digit of 50807?
7
What is the ten thousands digit of 45365?
4
What is the units digit of 5871?
1
What is the hundred thousands digit of 125947?
1
What is the units digit of 2962?
2
What is the hundreds digit of 2090?
0
What is the units digit of 9919?
9
What is the units digit of 372?
2
What is the hundreds digit of 586?
5
What is the units digit of 13364?
4
What is the hundreds digit of 26821?
8
What is the ten thousands digit of 16580?
1
What is the tens digit of 8152?
5
What is the hundreds digit of 27402?
4
What is the hundreds digit of 107696?
6
What is the tens digit of 5553?
5
What is the units digit of 735?
5
What is the units digit of 999?
9
What is the thousands digit of 63671?
3
What is the ten thousands digit of 57954?
5
What is the tens digit of 20928?
2
What is the units digit of 39?
9
What is the ten thousands digit of 12323?
1
What is the units digit of 112880?
0
What is the units digit of 738?
8
What is the hundreds digit of 1831?
8
What is the units digit of 47384?
4
What is the tens digit of 405?
0
What is the tens digit of 47442?
4
What is the thousands digit of 4599?
4
What is the thousands digit of 43783?
3
What is the units digit of 25414?
4
What is the tens digit of 227?
2
What is the thousands digit of 86347?
6
What is the hundreds digit of 14064?
0
What is the units digit of 516?
6
What is the units digit of 5775?
5
What is the tens digit of 26084?
8
What is the units digit of 1549?
9
What is the hundreds digit of 1488?
4
What is the units digit of 461?
1
What is the hundreds digit of 2549?
5
What is the tens digit of 18657?
5
What is the units digit of 702?
2
What is the ten thousands digit of 35754?
3
What is the hundreds digit of 1625?
6
What is the hundreds digit of 20986?
9
What is the hundreds digit of 51165?
1
What is the hundreds digit of 2335?
3
What is the thousands digit of 2216?
2
What is the thousands digit of 1677?
1
What is the hundreds digit of 2876?
8
What is the hundreds digit of 696?
6
What is the units digit of 585?
5
What is the units digit of 38362?
2
What is the thousands digit of 1081?
1
What is the hundreds digit of 20640?
6
What is the tens digit of 42097?
9
What is the thousands digit of 40841?
0
What is the thousands digit of 35634?
5
What is the units digit of 5258?
8
What is the tens digit of 397?
9
What is the tens digit of 1698?
9
What is the tens digit of 37140?
4
What is the ten thousands digit of 23016?
2
What is the units digit of 9919?
9
What is the hundreds digit of 2824?
8
What is the units digit of 183?
3
What is the units digit of 1510?
0
What is the tens digit of 75465?
6
What is the units digit of 17516?
6
What is the units digit of 9846?
6
What is the thousands digit of 4185?
4
What is the tens digit of 26233?
3
What is the tens digit of 53856?
5
What is the hundreds digit of 316?
3
What is the thousands digit of 2544?
2
What is the hundreds digit of 15046?
0
What is the hundreds digit of 8311?
3
What is the ten thousands digit of 22576?
2
What is the tens digit of 32109?
0
What is the tens digit of 900?
0
What is the thousands digit of 63857?
3
What is the hundreds digit of 18405?
4
What is the thousands digit of 14443?
4
What is the ten thousands digit of 22651?
2
What is the hundreds digit of 430?
4
What is the hundreds digit of 44049?
0
What is the hundreds digit of 8029?
0
What is the tens digit of 978?
7
What is the thousands digit of 1372?
1
What is the ten thousands digit of 31642?
3
What is the tens digit of 29179?
7
What is the units digit of 933?
3
What is the ten thousands digit of 37757?
3
What is the tens digit of 79243?
4
What is the hundreds digit of 22950?
9
What is the hundreds digit of 582?
5
What is the units digit of 5356?
6
What is the thousands digit of 82506?
2
What is the hundreds digit of 11386?
3
What is the units digit of 40?
0
What is the tens digit of 4815?
1
What is the ten thousands digit of 16510?
1
What is the hundreds digit of 727?
7
What is the units digit of 1526?
6
What is the units digit of 711?
1
What is the tens digit of 3975?
7
What is the hundreds digit of 4044?
0
What is the units digit of 16008?
8
What is the hundreds digit of 103326?
3
What is the ten thousands digit of 47228?
4
What is the hundreds digit of 43322?
3
What is the hundreds digit of 8399?
3
What is the thousands digit of 1330?
1
What is the ten thousands digit of 23712?
2
What is the units digit of 7147?
7
What is the units digit of 464?
4
What is the hundreds digit of 5745?
7
What is the tens digit of 1694?
9
What is the hundreds digit of 4762?
7
What is the ten thousands digit of 26916?
2
What is the hundreds digit of 132?
1
What is the thousands digit of 1764?
1
What is the thousands digit of 110703?
0
What is the thousands digit of 9251?
9
What is the tens digit of 2229?
2
What is the thousands digit of 14037?
4
What is the units digit of 19569?
9
What is the tens digit of 3123?
2
What is the tens digit of 4798?
9
What is the ten thousands digit of 54286?
5
What is the units digit of 180?
0
What is the hundreds digit of 4826?
8
What is the units digit of 5651?
1
What is the units digit of 40651?
1
What is the tens digit of 39492?
9
What is the units digit of 827?
7
What is the tens digit of 103456?
5
What is the hundreds digit of 1361?
3
What is the tens digit of 13859?
5
What is the thousands digit of 37100?
7
What is the ten thousands digit of 49667?
4
What is the units digit of 2534?
4
What is the units digit of 2522?
2
What is the ten thousands digit of 40913?
4
What is the hundreds digit of 826?
8
What is the units digit of 3508?
8
What is the hundreds digit of 381?
3
What is the hundred thousands digit of 109797?
1
What is the hundreds digit of 2075?
0
What is the hundreds digit of 14312?
3
What is the tens digit of 4721?
2
What is the units digit of 2724?
4
What is the units digit of 7044?
4
What is the ten thousands digit of 16385?
1
What is the units digit of 4425?
5
What is the thousands digit of 2056?
2
What is the ten thousands digit of 18214?
1
What is the units digit of 430?
0
What is the tens digit of 875?
7
What is the units digit of 1330?
0
What is the tens digit of 9520?
2
What is the hundreds digit of 11391?
3
What is the hundreds digit of 757?
7
What is the hundreds digit of 41870?
8
What is the hundreds digit of 2276?
2
What is the thousands digit of 1405?
1
What is t